{"id":830,"date":"2022-08-24T14:07:07","date_gmt":"2022-08-24T12:07:07","guid":{"rendered":"https:\/\/ungdomsstevnet.no\/?page_id=830"},"modified":"2024-09-22T12:27:16","modified_gmt":"2024-09-22T10:27:16","slug":"stottespillere-2022","status":"publish","type":"page","link":"https:\/\/ungdomsstevne.no\/?page_id=830","title":{"rendered":"St\u00f8ttespillere 2024"},"content":{"rendered":"\n<p>Vil vil f\u00e5 takke alle v\u00e5re sponsorer samt v\u00e5re Gull Sponsorer som ligger i h\u00f8yre menyen for sv\u00e6rt god st\u00f8tte til \u00e5rets arrangement! Det krever mye \u00e5 ha 100 % premiering, men takket v\u00e6re mange st\u00f8ttespiller f\u00e5r vi det til!<\/p>\n\n\n\n<p>Alle som har bidratt med premier og\/eller pengest\u00f8tte til Ungdomsstevnet 2024.<br>Oppdatert 06.09.2024 &#8211; kl. 14.00<\/p>\n\n\n\n<p><br>Agder Skytterlag<br>Andersen transport<br>Argentum Entrepen\u00f8r AS<br>Asker skytterlag <br>Astri Trollet<br>Accurize<br>Andebu skytterlag <br>Apotek 1 R\u00f8dberg<br>Aust Agder skyttersamlag<br>Aas skytterlag<br>Agder skyttersamlag<br>Bergen skytterlag <br>Blaker Skytterlag<br>Blestua<br>Bringe Auto<br>B\u00f8rsemaker Wear<br>Coop Veggli<br>Capapie<br>Dagfinnrud<br>Degernes skytterlag <br>DFS<br>Eidsberg skytterlag<br>Elin \u00d8verby<br>Elon R\u00f8dberg<br>Emkrima Kompetanse AS<br>Erik Nubberud Fjellsprengning<br>Etnedal skytterlag <br>Fet skytterlag<br>Felleskj\u00f8pet Kongsberg<br>Felleskj\u00f8pet Veggli<br>Fiskum skytterlag <br>Fjellkompaniet<br>Flesberg Jern og Bygg<br>Flesberg kommune<br>Flesberg Regnskapskontor<br>Forenede Mont\u00f8rer<br>Friluftsbua<br>Fulsaas &amp; L\u00f8kseth AS(Nordbohus)<br>Gann skytterlag <br>Geir Vatnebryn AS<br>Gjensidige Hallingdal<br>Gr\u00f8nbu Eiendom<br>Glamox AS<br>Gopromotion<br>Gjerpen skytterlag<br>Greipstad skytterlag<br>Hansi AS<br>Hallingskarvet skytterlag<br>Holstad V\u00e5pen<br>H\u00f8yt og Lavt B\u00f8<br>Joker Flesberg<br>Jondalen skytterlag <br>Kakle AS<br>Kiwi Lampeland<br>Kiwi R\u00f8dberg<br>Kristiandsand og omegn Skytterlag<br>Kvinnherad skytterlag <br>Lampeland Hotell<br>Langedrag naturpark<br>Lastebilsenteret<br>Laudal Skytterlag<br>Laupa<br>Liv&#8217;s salong<br>Luxia AS<br>Lunde skytterlag <br>Lykkebua<br>Lyngdal Landhandel<br>Magne Landr\u00f8 AS<br>Mandal skytterlag <br>Moelven Numedal<br>Nannestad Skytterlag<br>Norsk Bergverksmuseum<br>Norma AS<br>Numedal Blomster<br>Numedal skog&amp;hage<br>OEM automatic<br>Ole Einar S\u00f8nn\u00e5sen<br>Oslo Skisenter <br>Oslo \u00d8stre skytterlag<br>Os skytterlag <br>PK Eiendom<br>Power On<br>Rauland skytterlag<br>Rema Lampeland<br>Ringerike Skytterlag<br>Rollag Kommune<br>R\u00f8dberg gaver og leker<br>R\u00f8rlegger Strand og Co<br>R\u00f8yken og Hurum skytterlag<br>R\u00e5de Skytterlag<br>Sauland skytterlag <br>Sigdal Kommune<br>Sigdal Maskinforretning<br>Siljan skytterlag<br>Slagen Skytterlag<br>Skare og Nes<br>Skimore Drammen<br>Skigeilo<br>Skogstad sport<br>Step in<br>Stord skytterlag<br>Styrvoll skytterlag<br>Sport1 R\u00f8dberg<br>Spar Prestfoss<br>Sunnhordaland skyttersamlag<br>S\u00f8rum skytterlag <br>Tess Kongsberg<br>Telemark skyttersamlag<br>Terje Rustand Transport<br>Tools Kongsberg<br>Torgeir Deildokk<br>Toyota Kongsberg<br>T\u00f8mrer Ole Petter Gr\u00f8nbu<br>T\u00f8njum skytterlag<br>Twentyfour<br>Utleiepartner<br>Urskog skytterlag <br>Veggli Auto, Hydro Texaco<br>Veggli bil og fritid &amp; mekonomen<br>Veggli Vertshus<br>Villa Hytte og Fritid<br>V\u00e5pensmia<br>Wego design<br>\u00d8verby skog<br>\u00c5dal Skytterlag<br><\/p>\n","protected":false},"excerpt":{"rendered":"<p>Vil vil f\u00e5 takke alle v\u00e5re sponsorer samt v\u00e5re Gull Sponsorer som ligger i h\u00f8yre menyen for sv\u00e6rt god st\u00f8tte til \u00e5rets arrangement! Det krever mye \u00e5 ha 100 % premiering, men takket v\u00e6re mange st\u00f8ttespiller f\u00e5r vi det til! &hellip; <a href=\"https:\/\/ungdomsstevne.no\/?page_id=830\">Les videre <span class=\"meta-nav\">&rarr;<\/span><\/a><\/p>\n","protected":false},"author":1,"featured_media":0,"parent":0,"menu_order":0,"comment_status":"closed","ping_status":"closed","template":"","meta":[],"jetpack_shortlink":"https:\/\/wp.me\/P5WKgP-do","_links":{"self":[{"href":"https:\/\/ungdomsstevne.no\/index.php?rest_route=\/wp\/v2\/pages\/830"}],"collection":[{"href":"https:\/\/ungdomsstevne.no\/index.php?rest_route=\/wp\/v2\/pages"}],"about":[{"href":"https:\/\/ungdomsstevne.no\/index.php?rest_route=\/wp\/v2\/types\/page"}],"author":[{"embeddable":true,"href":"https:\/\/ungdomsstevne.no\/index.php?rest_route=\/wp\/v2\/users\/1"}],"replies":[{"embeddable":true,"href":"https:\/\/ungdomsstevne.no\/index.php?rest_route=%2Fwp%2Fv2%2Fcomments&post=830"}],"version-history":[{"count":26,"href":"https:\/\/ungdomsstevne.no\/index.php?rest_route=\/wp\/v2\/pages\/830\/revisions"}],"predecessor-version":[{"id":1087,"href":"https:\/\/ungdomsstevne.no\/index.php?rest_route=\/wp\/v2\/pages\/830\/revisions\/1087"}],"wp:attachment":[{"href":"https:\/\/ungdomsstevne.no\/index.php?rest_route=%2Fwp%2Fv2%2Fmedia&parent=830"}],"curies":[{"name":"wp","href":"https:\/\/api.w.org\/{rel}","templated":true}]}}