{"id":25,"date":"2015-03-25T10:23:54","date_gmt":"2015-03-25T09:23:54","guid":{"rendered":"http:\/\/ungdomsstevnet.landedata.net\/?page_id=25"},"modified":"2024-08-23T13:46:34","modified_gmt":"2024-08-23T11:46:34","slug":"overnatting","status":"publish","type":"page","link":"https:\/\/ungdomsstevne.no\/?page_id=25","title":{"rendered":"Overnatting"},"content":{"rendered":"<p>Siden Flesberg ungdomsskole ikke lenger kan brukes, har vi leid en rekke grendehus rundt omkring i bygda. Felles for dem alle er at gjestene overnatter p\u00e5 medbrakt flatseng (madrass\/liggeunderlag) p\u00e5 gulvet. Alle grendehusene har godt utstyrte kj\u00f8kken med kj\u00f8lerom og oppvaskmaskin. Alle har toaletter, men f\u00e5 har dusj. Men alle gjestene v\u00e5re kan dusje gratis p\u00e5 Flesberg Samfunnshus hvor skyttercampen er, og hvor vi samles p\u00e5 l\u00f8rdag kveld til tacoaften og sosialt samv\u00e6r. Der er det gutte- og jentegarderober med stor dusjkapasitet. \u00c5pent fra kl. 08.00 til kl. 22.00 alle dager.<\/p>\n<p>Som tidligere rigger vi til en skyttercamp p\u00e5 Haugen G\u00e5rd og ved Samfunnshuset. Der er det god plass for campingvogner, campingbiler og telt. Tilgang for str\u00f8m. Ingen mulighet for \u00e5 t\u00f8mme campingtoaletter. Kr. 400,- pr. natt for campingbil og campingvogn, og kr. 150,- pr. natt for telt. Tilgang til toalett, dusj, kj\u00f8kken og kj\u00f8lerom ved Samfunnshuset.<\/p>\n<p><strong>Bestilling (Frist 20.8 &#8211; men ogs\u00e5 f\u00f8rstemann til m\u00f8lla)<\/strong><br \/>\nForesp\u00f8rsel og bestilling av overnatting gj\u00f8res til \u00c5ge Fosshaug p\u00e5 <a href=\"mailto:aafosshaug@gmail.com\">aafosshaug@gmail.com<\/a> eller p\u00e5 92801289 innen 20.8. Kom gjerne med \u00f8nske om et av grendehusene, men endelig fordeling av husene m\u00e5 vi arrang\u00f8rer ta n\u00e5r vi har full oversikt p\u00e5 alle bestillingene. Dette for \u00e5 utnytte kapasiteten. Vi prioriterer etter rekkef\u00f8lge p\u00e5 bestillingene, s\u00e5 v\u00e6r gjerne tidlig ute.<\/p>\n<p>Ved bestilling etter fristen blir det dobbelt pris. Dette m\u00e5 vi gj\u00f8re i tilfelle vi m\u00e5 avbestille noen av husene vi har leid, men som vi ikke f\u00e5r bruk for. Eller at vi m\u00e5 ut \u00e5 skaffe mer sengeplasser. Dette er ogs\u00e5 grunnen til den tidlige fristen vi har satt.<\/p>\n<p>B\u00e5de skyttercampen og grendehusene forh\u00e5ndsbetales til Vipps nr: 761007 innen 20.8<\/p>\n<p><strong><u>Disse husene har vi leid:<\/u><\/strong><\/p>\n<p><strong><u><img loading=\"lazy\" class=\"alignleft size-medium wp-image-789\" src=\"http:\/\/ungdomsstevnet.no\/wp-content\/uploads\/Flesberg-Samfunnshus-300x225.jpg\" alt=\"\" width=\"300\" height=\"225\" srcset=\"https:\/\/ungdomsstevne.no\/wp-content\/uploads\/Flesberg-Samfunnshus-300x225.jpg 300w, https:\/\/ungdomsstevne.no\/wp-content\/uploads\/Flesberg-Samfunnshus-1024x768.jpg 1024w, https:\/\/ungdomsstevne.no\/wp-content\/uploads\/Flesberg-Samfunnshus-768x576.jpg 768w, https:\/\/ungdomsstevne.no\/wp-content\/uploads\/Flesberg-Samfunnshus.jpg 1294w\" sizes=\"(max-width: 300px) 100vw, 300px\" \/><\/u><u><\/u><\/strong><\/p>\n<p><strong><span style=\"color: #ff0000;\"><u>Flesberg samfunnshus. <\/u><\/span><\/strong>Vi kan tilby opptil 60 sengeplasser i 5 forskjellige rom i samfunnshuset. Kr. 150. pr. natt. \u00a0Stort kj\u00f8kken, stort dusjanlegg, samlingsstedet for sosiale aktiviteter, faglige foredrag og tacokveld p\u00e5 l\u00f8rdag. 41 km fra Sigdal skytebane og 4 km fra Flesberg skytebane.<\/p>\n<p><span style=\"color: #ff0000;\"><strong><span style=\"color: #ff0000;\"><u><img loading=\"lazy\" class=\"size-medium wp-image-791 alignleft\" src=\"http:\/\/ungdomsstevnet.no\/wp-content\/uploads\/Flesberg-Menihghetshus-300x225.jpg\" alt=\"\" width=\"300\" height=\"225\" srcset=\"https:\/\/ungdomsstevne.no\/wp-content\/uploads\/Flesberg-Menihghetshus-300x225.jpg 300w, https:\/\/ungdomsstevne.no\/wp-content\/uploads\/Flesberg-Menihghetshus-1024x768.jpg 1024w, https:\/\/ungdomsstevne.no\/wp-content\/uploads\/Flesberg-Menihghetshus-768x576.jpg 768w, https:\/\/ungdomsstevne.no\/wp-content\/uploads\/Flesberg-Menihghetshus.jpg 1294w\" sizes=\"(max-width: 300px) 100vw, 300px\" \/><\/u><\/span><\/strong><\/span><\/p>\n<p><span style=\"color: #ff0000;\"><strong><span style=\"color: #ff0000;\"><u>Menighetshuset<\/u><\/span> i Flesberg.<\/strong> <\/span>Maks 20 personer. Kr. 150,- pr. natt pr. person. Kr. 200,- hvis antallet er 10 eller mindre. Ikke dusj. 40 km fra Sigdal skytebane og 3 km fra Flesberg skytebane.<\/p>\n<p><span style=\"color: #ff0000;\"><strong><u><img loading=\"lazy\" class=\"alignleft size-medium wp-image-792\" src=\"http:\/\/ungdomsstevnet.no\/wp-content\/uploads\/Hauge-G\u00e5rd-300x225.jpg\" alt=\"\" width=\"300\" height=\"225\" srcset=\"https:\/\/ungdomsstevne.no\/wp-content\/uploads\/Hauge-G\u00e5rd-300x225.jpg 300w, https:\/\/ungdomsstevne.no\/wp-content\/uploads\/Hauge-G\u00e5rd-1024x768.jpg 1024w, https:\/\/ungdomsstevne.no\/wp-content\/uploads\/Hauge-G\u00e5rd-768x576.jpg 768w, https:\/\/ungdomsstevne.no\/wp-content\/uploads\/Hauge-G\u00e5rd.jpg 1294w\" sizes=\"(max-width: 300px) 100vw, 300px\" \/><\/u><\/strong><\/span><\/p>\n<p><span style=\"color: #ff0000;\"><strong><u>Haugen G\u00e5rd<\/u> i Flesberg. <\/strong><\/span>Hovedhus med 6 senger + maks 6 p\u00e5 flatseng. Kr. 200,- pr. natt pr. person. Kr. 250,- hvis antallet er 6 eller mindre. Gjestehus og to stabbur med plass til maks 9 personer i senger. Lite dusjanlegg. 41 km fra Sigdal skytebane og 4 km fra Flesberg skytebane.<\/p>\n<p><span style=\"color: #ff0000;\"><strong><u>Stevningsmogen grendehus<\/u> p\u00e5 Lampeland<\/strong><\/span><span style=\"color: #000000;\"><span style=\"color: #ff0000;\">.<\/span> <\/span>Maks 30 personer. Kr. 150,- pr. natt pr. person. Kr. 200,- hvis antallet er 10 eller mindre. Stort dusjanlegg. 41 km fra Sigdal skytebane og 6 km fra Flesberg skytebane.<\/p>\n<p><span style=\"color: #ff0000;\"><strong><u><img loading=\"lazy\" class=\"alignleft size-medium wp-image-794\" src=\"http:\/\/ungdomsstevnet.no\/wp-content\/uploads\/Lyngdal-Skole-300x225.jpg\" alt=\"\" width=\"300\" height=\"225\" srcset=\"https:\/\/ungdomsstevne.no\/wp-content\/uploads\/Lyngdal-Skole-300x225.jpg 300w, https:\/\/ungdomsstevne.no\/wp-content\/uploads\/Lyngdal-Skole-1024x768.jpg 1024w, https:\/\/ungdomsstevne.no\/wp-content\/uploads\/Lyngdal-Skole-768x576.jpg 768w, https:\/\/ungdomsstevne.no\/wp-content\/uploads\/Lyngdal-Skole.jpg 1294w\" sizes=\"(max-width: 300px) 100vw, 300px\" \/><\/u><\/strong><\/span><\/p>\n<p><span style=\"color: #ff0000;\"><strong><u>Lyngdal skole<\/u>.<\/strong><\/span> Maks 28 personer. Kr. 150,- pr. natt pr. person. Kr. 200,- hvis antallet er 10 eller mindre. Ikke dusj. 30 km fra Sigdal skytebane og 13 km fra Flesberg skytebane.<\/p>\n<p><span style=\"color: #ff0000;\"><strong><u>Solvoll grendehus<\/u> i Svene.<\/strong> <\/span>Maks 30 personer. Kr. 150,- pr. natt pr. person. Kr. 200,- hvis antallet er 10 eller mindre. Utegrill, utem\u00f8bler og sandvolleyballbane. Ikke dusj. 44 km fra Sigdal skytebane og 10 km fra Flesberg skytebane.<\/p>\n<p><b><u>\u00a0<\/u><\/b><\/p>\n<p><span style=\"color: #ff0000;\"><strong><u><img loading=\"lazy\" class=\"alignleft  wp-image-790\" src=\"http:\/\/ungdomsstevnet.no\/wp-content\/uploads\/Botnan-Grendehus-300x225.jpg\" alt=\"\" width=\"300\" height=\"225\" srcset=\"https:\/\/ungdomsstevne.no\/wp-content\/uploads\/Botnan-Grendehus-300x225.jpg 300w, https:\/\/ungdomsstevne.no\/wp-content\/uploads\/Botnan-Grendehus-1024x768.jpg 1024w, https:\/\/ungdomsstevne.no\/wp-content\/uploads\/Botnan-Grendehus-768x576.jpg 768w, https:\/\/ungdomsstevne.no\/wp-content\/uploads\/Botnan-Grendehus.jpg 1294w\" sizes=\"(max-width: 300px) 100vw, 300px\" \/><\/u><\/strong><\/span><\/p>\n<p><span style=\"color: #ff0000;\"><strong><u>Botnan grendehus<\/u> i Lyngdal.<\/strong> <\/span>Maks 22 personer. Kr. 150,- pr. natt pr. person. Kr. 200,- hvis antallet er 10 eller mindre. Stor solrik veranda, ta med egne stoler. Ikke dusj. 24 km fra Sigdal skytebane og 19 km fra Flesberg skytebane.<\/p>\n<p>.<\/p>\n<p><strong><u>Andre alternativer:<\/u><\/strong><\/p>\n<p><span style=\"color: #ff0000;\"><strong><u><img loading=\"lazy\" class=\"alignleft\" src=\"https:\/\/www.lampeland.no\/media\/1134\/img_4916-1500-x-1000-px.jpeg?anchor=center&amp;mode=crop&amp;width=800&amp;height=600&amp;rnd=132829285800000000\" alt=\"Dobbeltrom i lillatoner med behagelige senger fra Jensen \" width=\"306\" height=\"229\" \/>Lampeland Hotell<\/u><\/strong> <\/span>ligger i kommunesenteret Lampeland, kun 8 km fra Flesberg Skytterbane.\u00a0Her kan du bo i komfortable hotellrom og spise god frokost f\u00f8r konkurransen. 41 km fra Sigdal skytebane og 6 km fra Flesberg skytebane.<\/p>\n<p>Pris pr person\/ d\u00f8gn inkl frokost i 3- og 4-sengsrom kr 645,-<br \/>\nPris pr person\/ d\u00f8gn inkl frokost i dobbeltrom kr 845,-<br \/>\nMulighet for \u00e5 sm\u00f8re niste.\u00a0 Rikt utvalg av lunsj- og middagretter i kaf\u00e8en eller restaurant.<\/p>\n<p>Rombestilling: <a href=\"mailto:booking@lampeland.no\">booking@lampeland.no<\/a> eller tlf 32760600 merk; \u00a0\u00abungdomsstevnet 2024\u00bb<\/p>\n<p><span style=\"color: #ff0000;\"><strong><u>Neset Skydsstasjon <\/u><\/strong><\/span><span style=\"font-weight: 400;\">Camping og Hytteutleie,\u00a0 ligger n\u00e6rme Flesberg skytebane. De driver en nyrenovert campingplass og har flere nyoppussede campinghytter til utleie. Her kan du bestille frokost, andre m\u00e5ltider, samt f\u00e5 smurt nistepakke.\u00a0<\/span><\/p>\n<p><span style=\"font-weight: 400;\">Campinghytter: 2 til 5 personer. Ingen ledige denne helga<br \/>\n<\/span><span style=\"font-weight: 400;\">Campingbil\/vogn m\/ str\u00f8m og dusj: Pris kr. 340,- pr. d\u00f8gn, 4 pers.\u00a0 \u00a0 \u00a0 \u00a0 \u00a0 \u00a0 \u00a0 \u00a0 \u00a0 \u00a0 \u00a0 \u00a0 \u00a0 \u00a0 \u00a0 <\/span><span style=\"font-weight: 400;\">Campingbil\/vogn uten str\u00f8m: Pris kr. 250,- pr. d\u00f8gn, 4 pers.\u00a0 \u00a0 \u00a0 \u00a0 \u00a0 \u00a0 \u00a0 \u00a0 \u00a0 \u00a0 \u00a0 \u00a0 \u00a0 \u00a0 \u00a0 \u00a0 \u00a0 \u00a0 \u00a0 \u00a0 \u00a0 \u00a0 \u00a0 \u00a0 \u00a0 \u00a0 \u00a0 \u00a0 \u00a0 <\/span><span style=\"font-weight: 400;\">Telt 2 pers.: Pris kr. 170,-\u00a0 \u00a0 \u00a0 \u00a0 \u00a0 \u00a0 \u00a0 \u00a0 \u00a0 \u00a0 \u00a0 \u00a0 \u00a0 \u00a0 \u00a0 \u00a0 \u00a0 \u00a0 \u00a0 \u00a0 \u00a0 \u00a0 \u00a0 \u00a0 \u00a0 \u00a0 \u00a0 \u00a0 \u00a0 \u00a0 \u00a0 \u00a0 \u00a0 \u00a0 \u00a0 \u00a0 \u00a0 \u00a0 \u00a0 \u00a0 \u00a0 \u00a0 \u00a0 \u00a0 \u00a0 \u00a0 \u00a0 \u00a0 \u00a0 \u00a0 \u00a0 \u00a0 \u00a0 \u00a0 \u00a0 \u00a0 \u00a0 \u00a0 <\/span>Ekstra pr. pers: kr. 50,-<\/p>\n<p><span style=\"font-weight: 400;\">Bestill selv p\u00e5 telefon 99869785 eller p\u00e5 mail til <\/span><a href=\"mailto:neset.skydsstasjon@gmail.com\"><span style=\"font-weight: 400;\">neset.skydsstasjon@gmail.com<\/span><\/a><span style=\"font-weight: 400;\"> men husk \u00e5 merke bestillingen med \u00abungdomsstevnet 2024\u00bb. Sjekk gjerne booking.com, men ikke bestill der. 42 km fra Sigdal skytebane og 1 km fra Flesberg skytebane<\/span><\/p>\n","protected":false},"excerpt":{"rendered":"<p>Siden Flesberg ungdomsskole ikke lenger kan brukes, har vi leid en rekke grendehus rundt omkring i bygda. Felles for dem alle er at gjestene overnatter p\u00e5 medbrakt flatseng (madrass\/liggeunderlag) p\u00e5 gulvet. Alle grendehusene har godt utstyrte kj\u00f8kken med kj\u00f8lerom og &hellip; <a href=\"https:\/\/ungdomsstevne.no\/?page_id=25\">Les videre <span class=\"meta-nav\">&rarr;<\/span><\/a><\/p>\n","protected":false},"author":1,"featured_media":0,"parent":0,"menu_order":0,"comment_status":"closed","ping_status":"closed","template":"","meta":[],"jetpack_shortlink":"https:\/\/wp.me\/P5WKgP-p","_links":{"self":[{"href":"https:\/\/ungdomsstevne.no\/index.php?rest_route=\/wp\/v2\/pages\/25"}],"collection":[{"href":"https:\/\/ungdomsstevne.no\/index.php?rest_route=\/wp\/v2\/pages"}],"about":[{"href":"https:\/\/ungdomsstevne.no\/index.php?rest_route=\/wp\/v2\/types\/page"}],"author":[{"embeddable":true,"href":"https:\/\/ungdomsstevne.no\/index.php?rest_route=\/wp\/v2\/users\/1"}],"replies":[{"embeddable":true,"href":"https:\/\/ungdomsstevne.no\/index.php?rest_route=%2Fwp%2Fv2%2Fcomments&post=25"}],"version-history":[{"count":22,"href":"https:\/\/ungdomsstevne.no\/index.php?rest_route=\/wp\/v2\/pages\/25\/revisions"}],"predecessor-version":[{"id":1048,"href":"https:\/\/ungdomsstevne.no\/index.php?rest_route=\/wp\/v2\/pages\/25\/revisions\/1048"}],"wp:attachment":[{"href":"https:\/\/ungdomsstevne.no\/index.php?rest_route=%2Fwp%2Fv2%2Fmedia&parent=25"}],"curies":[{"name":"wp","href":"https:\/\/api.w.org\/{rel}","templated":true}]}}